t i = 2150 - 1713. Let x be 31*23 + (0 - 1). Let l = x - i. What is the highest common divisor of l and 25?
25
Let n = 378 - 213. Suppose -3*t - 3*r = -42, -3*t + 4*r - 3*r = -26. Suppose b = x + t, 5*b + 5*x + 19 = 79. What is the highest common factor of n and b?
11
Let u = 121 + -91. Suppose u*t = 26*t + 8. Let b(d) = 25*d + 6. Let l be b(t). Calculate the greatest common divisor of l and 28.
28
Let v = -22 + 43. Suppose 0 = -27*u + 29*u - 458. Suppose 0 = -c + u + 2. Calculate the highest common factor of c and v.
21
Let l = -154 + 292. Suppose 5*p = -d + 36, 7*p - 9*p - 4*d + 36 = 0. What is the highest common divisor of l and p?
6
Let k = 8742 - 8632. Calculate the highest common divisor of 88 and k.
22
Let v(h) = -2*h**3 - 8*h**2 - 7*h - 104. Let a be v(-8). Calculate the highest common divisor of a and 16.
16
Suppose 4*o + 14 = 5*o. Suppose 140 - 1176 = -o*s. Suppose 2*i - 5*l = 16, 2*i + 3*i = 4*l + s. Calculate the highest common divisor of 288 and i.
18
Suppose 0 = 3*q + z - 0*z + 1201, 4*q = 3*z - 1623. Let r = q - -620. Let o = r + -90. What is the greatest common factor of 8 and o?
8
Suppose 5 = 4*u - 75. Let y be (50/(-5) + 0)*-2*49. What is the greatest common factor of u and y?
20
Let h(d) = d**3 + 13*d**2 + 22*d + 178. Let r be h(-11). Suppose q - r = -139. Calculate the highest common factor of q and 13.
13
Suppose -2*m = 5*x - 10, -8*x = -m - 9*x + 2. Suppose 2*a + 7*a - 864 = m. What is the highest common divisor of a and 18?
6
Let c(o) = -9*o - 22. Let k be c(-9). Suppose 0 = 64*q - k*q - 400. Suppose -4*t = t - 100. Calculate the highest common divisor of q and t.
20
Let z be (-6)/(1*(-3)/(-4)). Let k = -3 - z. Suppose 3*f + 15 = 0, 148*f = 3*m + 144*f - 50. Calculate the greatest common factor of k and m.
5
Let t be 4/2 - -3 - 5. Suppose t*l - 7*l = -14. Suppose a + 60 = l*a. Calculate the highest common factor of a and 36.
12
Suppose 187274 = 36*t - 28270 + 13044. Calculate the greatest common divisor of t and 18.
9
Suppose -2*o + 0*p = -4*p - 152, 3*p + 157 = 2*o. Let c = 634 + o. Calculate the highest common factor of c and 90.
90
Let v(m) = m**3 + 9*m**2 + 9*m - 14. Let t be v(-7). Let h = t + 84. What is the greatest common factor of h and 63?
21
Let n(b) = -b + 291. Let i be n(-36). Suppose -25*c + i + 48 = 0. Suppose 5*a = v + 370, -2*a = a + 4*v - 245. What is the highest common factor of c and a?
15
Let r(v) = v**3 - 12*v**2 + 11*v - 14. Let u be r(11). Suppose 5*m - 160 = 9*m. Let t be (-1070)/u - m/70. What is the greatest common factor of t and 7?
7
Let r be ((-79)/(-158))/(2/220). Calculate the highest common divisor of r and 2420.
55
Let h be (11 - 2)*(-3 + 4). What is the highest common divisor of h and 153?
9
Let l be -42*(-31 - -28 - 24/(-14)). Let b be 702/1 + (-1 - -1). What is the highest common divisor of b and l?
54
Let i = -122 + 208. Suppose -5*d + a = -i, d + 4*a - 6*a = 10. Let b be 4 + 7 - (1 - 5)/(-2). Calculate the greatest common factor of b and d.
9
Let n be 288 + -234 - (9 + 0). Calculate the highest common factor of 480 and n.
15
Suppose 11*q - 12 = 10. Suppose -7*u = -12*u + b + 130, -q*u = -5*b - 29. Calculate the highest common factor of u and 189.
27
Let y be 60/18*(-18)/(-16)*-4. Let j = -44 - y. Let i = 46 + j. Calculate the highest common divisor of i and 85.
17
Let t(r) = -69*r + 4306. Let q be t(59). What is the greatest common factor of 3431 and q?
47
Let r be (-2 - (0 + -1) - 186) + -1. Let d = r + 396. Let p be (-2)/(-5) + (d/5 - 2). Calculate the highest common divisor of p and 8.
8
Let f = -467 + 472. Suppose 5*j = -0*j - c + 985, f*j - 1015 = 5*c. What is the greatest common divisor of j and 44?
22
Suppose 4*f = 49*f - 225. Calculate the greatest common factor of 380 and f.
5
Suppose -19*f = -18*f - 56. Let r = 351 + f. Let i(z) = 18*z + 1. Let n be i(2). Calculate the highest common divisor of n and r.
37
Let d = -15195 + 15201. Calculate the greatest common divisor of 134 and d.
2
Let m = -36082 + 36142. What is the greatest common divisor of m and 3732?
12
Suppose 116*i = 117*i + c - 17, -2*c + 21 = i. Calculate the highest common factor of 15236 and i.
13
Let m(y) = 5*y**2 + 21*y + 168. Let p be m(-15). Calculate the greatest common factor of 6 and p.
6
Let d = 11253 - -1378. What is the highest common divisor of d and 17?
17
Suppose 2592 + 1046 = 85*s - 442. Calculate the highest common divisor of s and 7944.
24
Let b(y) = y**2 + 9*y - 33. Let q be b(-12). Let v be -5*14/(-10) - q. Calculate the greatest common factor of 4 and v.
4
Let m = -11210 + 21632. What is the highest common factor of 54 and m?
54
Let d = 746 - 725. Suppose 225 = 36*h - d*h. Suppose 0 = 2*l + 3*l + 2*m - 158, 5*l - 170 = -5*m. What is the greatest common divisor of l and h?
15
Let u be (-12)/(-30)*65 - (-1 + 5). Let g be 74/444 + ((-37610)/12)/(-5). Calculate the highest common factor of g and u.
11
Let y = 775 + -776. Let z be (y - 33/(-15))/((-6)/(-2680)). Calculate the greatest common factor of 67 and z.
67
Suppose 4*b = -2*j + 130, 2*b - j - 68 = j. Suppose 3*y + 5*l - 8*l = 2874, 18*y - 5*l - 17231 = 0. Calculate the greatest common factor of y and b.
33
Let s(t) = 5*t**2 - 16*t + 12. Let q be s(4). Let r be 540/q - 24/84. Calculate the greatest common divisor of r and 950.
19
Suppose -2215*x + 39015 = -2170*x. Calculate the greatest common factor of 1156 and x.
289
Let v be 11150/300 - (-10)/12 - (10 - 4). What is the highest common factor of v and 66?
2
Suppose 17287 = s - j, -13 = -j - 8. What is the greatest common divisor of 66 and s?
66
Let z = -16121 + 16394. What is the greatest common factor of 84 and z?
21
Let c = -202 + 205. Let t be (-3)/4*20/(-5). What is the greatest common divisor of t and c?
3
Suppose t - 56 = -3*r + 83, 20 = 4*r. What is the highest common factor of 217 and t?
31
Let t be 7 + 3 - -2 - 15/(-3). Let g be (0 - (3 - -31))/((-2)/4). Calculate the highest common factor of t and g.
17
Let f = 573 + -237. Suppose 67 = n + 4. Calculate the highest common factor of f and n.
21
Let q = 1779 - 1775. Let w(r) = r - 1. Let z be w(3). Suppose -3*b + 2*a + 37 = -43, 0 = q*b - z*a - 104. Calculate the highest common divisor of b and 168.
24
Let c = -8736 - -9047. Calculate the highest common factor of c and 4.
1
Suppose -5*m + 11*z - 10*z = -176, -4*m + 2*z + 136 = 0. Suppose -3*f - 31*v = -m*v - 55, 4*v = 4. What is the greatest common factor of f and 820?
20
Let x be (-66*15/(-10) + -5)*2. Let u = -131 + x. Calculate the highest common divisor of u and 76.
19
Let p be (2226/(-35))/((-3)/10). Suppose b - 2 = 2. Suppose -2*k = q - 3*k - 50, b*q - p = -2*k. What is the greatest common divisor of q and 26?
26
Let x(i) = -52*i - 21. Let w be x(-8). Suppose 0 = -19*o + 1383 - w. Calculate the highest common divisor of 78 and o.
26
Suppose 0 = 3*v + 1690 - 1780. Suppose -16*f - 16632 = -v*f. What is the highest common divisor of 33 and f?
33
Suppose 226 = 12*b - 2. Let k(s) be the third derivative of -s**4/12 + 22*s**3/3 - 16*s**2. Let o be k(b). What is the greatest common divisor of 18 and o?
6
Let m(w) = -w**3 + 12*w**2 - 11*w + 9. Let a be m(11). Let r(k) = 3*k**3 - 3*k**2 + 12*k + 9. Let n be r(3). What is the highest common divisor of n and a?
9
Suppose -55 = -v - 5*f, -5409*v + f + 115 = -5405*v. What is the highest common divisor of 15315 and v?
15
Suppose 1235*x = 1249*x - 630. Suppose 1805 - 365 = 2*s. Suppose -3*p + s = -p. Calculate the highest common factor of p and x.
45
Let x(a) = -60*a - 722. Let q be x(-13). What is the greatest common factor of 3393 and q?
29
Suppose 3*w = -5*w. Suppose 13*h - 5*h - 1216 = w. Suppose -3*r + 315 = 201. What is the highest common divisor of h and r?
38
Let g = -4073 + 4703. Suppose 3*f + 1 = 190. What is the greatest common factor of f and g?
63
Suppose h - m - 2954 - 2034 = 0, 0 = -2*h + 4*m + 9984. Calculate the greatest common divisor of 14 and h.
14
Let w be ((-3)/(18/(-618)) + 1)/2. What is the highest common factor of 156 and w?
52
Let n(j) = 74*j - 1396. Let q be n(38). Calculate the highest common divisor of 30 and q.
6
Suppose -11*u - 50 = -2*q, 17 - 54 = -q + 4*u. Calculate the greatest common divisor of 1472 and q.
23
Let b = 56 + 14. Let p = b - 54. What is the greatest common divisor of p and 20?
4
Suppose 3*h 